26. Let u be f(0). Let i = -16 - u. What are the prime factors of i?
2, 5
What are the prime factors of ((-54)/(-10) + -3)*260/6?
2, 13
Let u(j) = 2*j + 2. Let z be u(-3). List the prime factors of (z/6)/(2/(-27)).
3
Let u = -3 + 6. List the prime factors of ((-38)/6)/(u/(-9)).
19
Let i = 48 + -28. What are the prime factors of i?
2, 5
Let o = -38 - -59. Let f = -9 + o. Suppose 0 = 7*b - 3*b - f. What are the prime factors of b?
3
Let y be 1/(-4) + 3/12. Suppose y*x - 2*x = -44. What are the prime factors of x?
2, 11
Let o(u) = -u**3 - 21*u**2 + 16*u - 6. List the prime factors of o(-22).
2, 3, 7
Let a(m) = m**3 - 7*m**2 + 4*m + 4. Let l be 1/2 - (-22)/4. Let x be a(l). Let u(k) = k**2 + 7*k - 2. List the prime factors of u(x).
2, 3
Suppose 0 = -2*b - 0*b + 6. Suppose b*q - 2*q = -a, -28 = -3*a + 4*q. List the prime factors of a.
2
Let o(h) = -h**2 - 6*h - 2. Let j be o(-4). Let g(n) = 3 - 2 + 0 + j*n + 2*n**2. What are the prime factors of g(-4)?
3
Let c(h) = h + 5. Let f be c(5). List the prime factors of 5*-2*(-28)/f.
2, 7
Let a be (-2)/7 + 32/14. Suppose 0 = -a*z + 4*m + 22, 3*z + 7*m - 4*m = 24. List the prime factors of z.
3
Let j = 4 + -9. List the prime factors of 4/(-3)*90/j.
2, 3
Suppose 3*r - 100 = 104. Suppose 6*y - 2*y - r = 0. What are the prime factors of y?
17
Suppose -r - 5*t = -4*t - 39, -5*t = -15. What are the prime factors of r?
2, 3
Let w = 8 + -14. Let s = w - -14. What are the prime factors of s?
2
Let c(v) = 3*v**3 - 4*v**3 + 5*v - v. What are the prime factors of c(-3)?
3, 5
Suppose 0 = 20*k - 22*k + 84. List the prime factors of k.
2, 3, 7
Let j = 50 + 18. What are the prime factors of j?
2, 17
Suppose -x - 4*x = 20. Let j = -2 - x. Suppose 2*u + 0*s = -2*s + j, 5*u - 5*s = 15. List the prime factors of u.
2
Let p(o) = 2*o**3 - 4*o**2 + 3*o - 2. What are the prime factors of p(5)?
163
Suppose -4*u = 3*g - 946, g + 79 + 399 = 2*u. List the prime factors of u.
2, 7, 17
Let v(a) = a**3 + 19*a**2 - 23*a + 2. What are the prime factors of v(-20)?
2, 31
Let d = -22 - -32. Let c be d/(-3)*12/(-10). Suppose 2*h - h - 20 = -3*j, c*j = 3*h - 8. List the prime factors of h.
2
Suppose -x - 1 = 0, -6*h = -11*h + 2*x + 392. What are the prime factors of h?
2, 3, 13
Let a = 6 + -6. Suppose a = 4*n + 4, 0 = -2*t - t - 2*n + 28. What are the prime factors of t?
2, 5
Let b(v) = 7*v**3. Let a be b(-1). Let j(w) = -4*w + 3*w + 2 + 2. What are the prime factors of j(a)?
11
Let l(c) = -2*c + 3. What are the prime factors of l(0)?
3
What are the prime factors of (-20)/(-3) + (-16)/24?
2, 3
Suppose -s = -3*k + 3, 0*k - 5*k - 3 = s. Let l(h) = -h**3 + 14. List the prime factors of l(k).
2, 7
Suppose -4*u + 5*z - 4*z - 161 = 0, -2*u - z = 79. Let p = -29 - u. Suppose -w + 3 = -p. List the prime factors of w.
2, 7
List the prime factors of 2 + -50*(4*-1 - -3).
2, 13
Let i(a) = -a**3 + 6*a**2 + 4. Let d be i(6). Suppose 92 = -c + 5*c - 4*o, -d*o + 4 = 0. List the prime factors of c.
2, 3
Suppose -h + 10 = 2*q + 1, -q + 12 = 3*h. Suppose -5*o + q*o + 10 = 0. Let m(d) = 3*d + 1. What are the prime factors of m(o)?
2
Let l(o) be the first derivative of o**3/3 - 4*o**2 + 2*o + 1. What are the prime factors of l(10)?
2, 11
Let p(t) = 5*t**2 - t - 1. Let f(o) = o**2 - 5*o - 7. Let g be f(6). What are the prime factors of p(g)?
5
Suppose 7*p + 68 = 9*p. What are the prime factors of p?
2, 17
Suppose -w - 119 = -5*i, 2*i - 5*w + 7 = 50. List the prime factors of i.
2, 3
Suppose -209 = -2*m - 3*u, m - u + 2*u = 106. What are the prime factors of m?
109
Let g = -123 - -195. List the prime factors of g.
2, 3
Let f = -132 + 189. List the prime factors of -3*f/(-18)*2.
19
Suppose 2*j = j + 31. What are the prime factors of j?
31
Suppose 2*w + 192 = 2*r, -3*r + 509 = 3*w + 203. List the prime factors of r.
3, 11
Let h(s) = 5*s**3 - 10*s**2 + 8*s - 6. What are the prime factors of h(4)?
2, 3, 31
Let n(s) = 2*s**3 - 2*s**2 + 4*s + 12. List the prime factors of n(5).
2, 29
Let u(l) = -l**3 + 23*l**2 - 18*l + 26. What are the prime factors of u(22)?
2, 3, 19
Let f = 12 - -5. What are the prime factors of f?
17
Let v = -173 + 211. What are the prime factors of v?
2, 19
Let t(x) = 9*x + 65. List the prime factors of t(0).
5, 13
Suppose -c = -2*c - 2*m + 16, -4*c + 104 = -2*m. List the prime factors of c.
2, 3
Suppose -x + 26 = -g - 0*x, 4*x = 3*g + 83. List the prime factors of (-2)/2*(g - 2).
23
Let m(x) = -x**3 + 2. Let b be (-2)/4 + 1/2. Let i be m(b). Suppose -s - 2*c = -14 + 1, -i*s + 3*c + 19 = 0. What are the prime factors of s?
11
Let i(m) = -2*m**2 - 10*m - 23. Let k(o) = o**2 + 5*o + 12. Let h(q) = -3*i(q) - 5*k(q). List the prime factors of h(-6).
3, 5
Suppose 20 = -5*f, -f - 4 = -4*l - 0*f. List the prime factors of l/1 - (-6 - 33).
3, 13
Suppose 3*g - 2*j - 20 = -g, -2*g + 3*j = -14. Suppose -g*w + 60 = w. List the prime factors of (-32)/w*1*-3.
2
Let q(j) = 6*j**2 - 6*j - 2. Let s(d) = d**3 + 7*d**2 - 7*d - 3. Let r(g) = -3*q(g) + 2*s(g). List the prime factors of r(3).
2, 3, 5
Let d = -25 - -74. What are the prime factors of d?
7
Let u be (-96)/80*(-4 + -1). List the prime factors of u/(-8) + (-234)/(-24).
3
Let x(m) = 2*m + 24. What are the prime factors of x(-11)?
2
What are the prime factors of 32 - ((3 - 0) + 0)?
29
Suppose 2*n + 3 = 7. Suppose 6 = 2*r + n*o, 2 = o - 1. Suppose 3*b - b - 4 = r. What are the prime factors of b?
2
Suppose -2*q = 4 - 10. Suppose -q*g - g - 4*y + 44 = 0, -4*g = y - 56. What are the prime factors of g?
3, 5
Let q be 1/(3/1 + -2). Suppose d + q + 2 = 0. List the prime factors of d/(-9) + (-5)/(-3).
2
Let k(a) = -17*a + 47. What are the prime factors of k(-10)?
7, 31
Let x(w) = 61*w**2 - 2*w - 5. What are the prime factors of x(-2)?
3
Suppose 178 = 5*w + 4*d - 56, -3*d = -w + 43. Suppose 3*a = a + 2*u + 32, 3*a - 4*u = w. Let n = a - 7. What are the prime factors of n?
11
Let q(a) = -a**3 + 8*a**2 + 8*a + 6. Let c be q(9). List the prime factors of 0 - (69 + -3)/c.
2, 11
Suppose 10*h = 899 + 1801. List the prime factors of h.
2, 3, 5
Suppose 4*q = -5*w + 70 + 24, -4*q - 2*w + 88 = 0. List the prime factors of q.
3, 7
Let h = 7 + -7. Let j = h + 3. Suppose 36 = j*p + p + 4*y, 2*p + 4*y - 20 = 0. List the prime factors of p.
2
Let w(m) = -3*m**2 + 2*m. Let x be w(-2). Let k = x - -52. List the prime factors of k.
2, 3
Let c(k) = 3*k - 2. What are the prime factors of c(7)?
19
Let k(s) = s**2 + s - 8. Suppose -2*u = 2*a + 16, -3*u + 5*a + 0*a - 8 = 0. List the prime factors of k(u).
2, 11
Let o(u) = -6*u - 2. Let m be o(-2). Suppose -5*v + 5 = 0, 4*v + 6 + m = -5*q. List the prime factors of 4/(q/(-3)) - -14.
17
Let c = 0 - -5. Suppose c*l = -0*l + 10. What are the prime factors of l?
2
Let x(r) = 2*r + 8. Let a be x(6). List the prime factors of 2/4 - (-50)/a.
3
Let o(w) = 3*w**2 + 7*w + 8. What are the prime factors of o(-3)?
2, 7
Let m = 22 + -20. List the prime factors of m.
2
Suppose 0 = -s + 3 + 4. Let v be -5 + s - 2/1. Suppose v = -2*d + d + 9. List the prime factors of d.
3
What are the prime factors of (15/(-45))/(2/(-126))?
3, 7
Suppose -4*v + 232 = v + m, m + 90 = 2*v. List the prime factors of v.
2, 23
Let w(t) be the first derivative of t**4/6 - 2*t**3/3 + t**2/2 - 2. Let i(g) be the second derivative of w(g). What are the prime factors of i(3)?
2
Let i(y) = -y**2 - 20*y - 26. What are the prime factors of i(-12)?
2, 5, 7
Let h(v) = -3*v**3 + 3*v**3 + v**2 + 3 + 3*v**2 - v**3. What are the prime factors of h(4)?
3
Let y = -7 + 10. Suppose -y*l - 41 = -104. What are the prime factors of l?
3, 7
Let o(s) = s**2 + 6*s - 4. Let c be o(-7). Let x = c + -3. Suppose 3*t + 2*l - 59 = x, -5*t = 2*l + 3*l - 105. What are the prime factors of t?
17
Let j = -9 + 13. Suppose -j*l = -0*l - 52. What are the prime factors of l?
13
List the prime factors of (-78)/(-2) + (2 - 6).
5, 7
Let i(x) = -x + 7. Let m be i(7). Let k = 2 - m. What are the prime factors of k?
2
Let d = 7 + -6. Suppose -4*p = d + 3. What are the prime factors of (0 - p)*(6 - 0)?
2, 3
Let p be -2 - -3 - -7 - 2. Suppose 0 = p*j - 3*j - 54. List the prime factors of j.
2, 3
Suppose -27 = 3*x - 3*n, -2*x + 17 = n + 4*n. Let b = x - -4. Let d = b + 3. List the prime factors of d.
3
Suppose 5*u - u = 3*l + 3, -10 = 2*l. Suppose -n - 62 = -4*k, 54 + 2 = 4*